{"id":31,"date":"2025-12-03T10:10:23","date_gmt":"2025-12-03T10:10:23","guid":{"rendered":"https:\/\/franceza.cunbm.utcluj.ro\/?page_id=31"},"modified":"2025-12-03T12:30:44","modified_gmt":"2025-12-03T12:30:44","slug":"noutati-si-evenimente","status":"publish","type":"page","link":"https:\/\/franceza.cunbm.utcluj.ro\/?page_id=31","title":{"rendered":"NOUT\u0102\u021aI \u0219i EVENIMENTE"},"content":{"rendered":"\n<h5 class=\"wp-block-heading has-text-align-center is-style-default\"><strong><a href=\"https:\/\/www.facebook.com\/story.php?story_fbid=4181585645445114&amp;id=100007811591238&amp;rdid=terKriynzJVijqy5#\" target=\"_blank\" rel=\"noreferrer noopener\">Ziua Interana\u021bional\u0103 a Profesorului de Limba Francez\u0103<\/a><\/strong><br>(parteneriat cu Liceul Tehnologic Agricol \u201eAlexiu Berinde\u201d, Seini)<br>20.11.2025<\/h5>\n\n\n\n<div style=\"height:22px\" aria-hidden=\"true\" class=\"wp-block-spacer\"><\/div>\n\n\n\n<div style=\"height:100px\" aria-hidden=\"true\" class=\"wp-block-spacer\"><\/div>\n\n\n\n<h2 class=\"wp-block-heading\">EVENIMENTE DE MARC\u0102, 2025<\/h2>\n\n\n\n<div class=\"wp-block-group alignfull has-global-padding is-layout-constrained wp-block-group-is-layout-constrained\" style=\"margin-top:0;margin-bottom:0\">\n<div class=\"wp-block-columns alignfull is-layout-flex wp-container-core-columns-is-layout-9c22b1e3 wp-block-columns-is-layout-flex\">\n<div class=\"wp-block-column is-layout-flow wp-block-column-is-layout-flow\">\n<div style=\"height:20px\" aria-hidden=\"true\" class=\"wp-block-spacer\"><\/div>\n\n\n\n<figure class=\"wp-block-image size-large\"><img loading=\"lazy\" decoding=\"async\" width=\"1024\" height=\"401\" src=\"https:\/\/franceza.cunbm.utcluj.ro\/wp-content\/uploads\/2025\/12\/WhatsApp-Image-2025-12-03-at-13.38.32-1-2-1024x401.jpeg\" alt=\"\" class=\"wp-image-81\" srcset=\"https:\/\/franceza.cunbm.utcluj.ro\/wp-content\/uploads\/2025\/12\/WhatsApp-Image-2025-12-03-at-13.38.32-1-2-1024x401.jpeg 1024w, https:\/\/franceza.cunbm.utcluj.ro\/wp-content\/uploads\/2025\/12\/WhatsApp-Image-2025-12-03-at-13.38.32-1-2-300x117.jpeg 300w, https:\/\/franceza.cunbm.utcluj.ro\/wp-content\/uploads\/2025\/12\/WhatsApp-Image-2025-12-03-at-13.38.32-1-2-768x301.jpeg 768w, https:\/\/franceza.cunbm.utcluj.ro\/wp-content\/uploads\/2025\/12\/WhatsApp-Image-2025-12-03-at-13.38.32-1-2-1536x601.jpeg 1536w, https:\/\/franceza.cunbm.utcluj.ro\/wp-content\/uploads\/2025\/12\/WhatsApp-Image-2025-12-03-at-13.38.32-1-2.jpeg 1927w\" sizes=\"auto, (max-width: 1024px) 100vw, 1024px\" \/><\/figure>\n\n\n\n<h5 class=\"wp-block-heading has-text-align-center\"><strong><a href=\"https:\/\/www.facebook.com\/story.php?story_fbid=4181585645445114&amp;id=100007811591238&amp;rdid=terKriynzJVijqy5#\" target=\"_blank\" rel=\"noreferrer noopener\">Ziua Interana\u021bional\u0103 a Profesorului de Limba Francez\u0103<\/a><\/strong><br>(parteneriat cu Casa Corpului Didactic Maramure\u0219)<br>24.11.2025<\/h5>\n\n\n\n<figure class=\"wp-block-image size-large\"><img loading=\"lazy\" decoding=\"async\" width=\"724\" height=\"1024\" src=\"https:\/\/franceza.cunbm.utcluj.ro\/wp-content\/uploads\/2025\/12\/WhatsApp-Image-2025-12-03-at-14.16.12-724x1024.jpeg\" alt=\"\" class=\"wp-image-86\" srcset=\"https:\/\/franceza.cunbm.utcluj.ro\/wp-content\/uploads\/2025\/12\/WhatsApp-Image-2025-12-03-at-14.16.12-724x1024.jpeg 724w, https:\/\/franceza.cunbm.utcluj.ro\/wp-content\/uploads\/2025\/12\/WhatsApp-Image-2025-12-03-at-14.16.12-212x300.jpeg 212w, https:\/\/franceza.cunbm.utcluj.ro\/wp-content\/uploads\/2025\/12\/WhatsApp-Image-2025-12-03-at-14.16.12-768x1086.jpeg 768w, https:\/\/franceza.cunbm.utcluj.ro\/wp-content\/uploads\/2025\/12\/WhatsApp-Image-2025-12-03-at-14.16.12-1086x1536.jpeg 1086w, https:\/\/franceza.cunbm.utcluj.ro\/wp-content\/uploads\/2025\/12\/WhatsApp-Image-2025-12-03-at-14.16.12.jpeg 1131w\" sizes=\"auto, (max-width: 724px) 100vw, 724px\" \/><\/figure>\n\n\n\n<h5 class=\"wp-block-heading has-text-align-center\"><strong><a href=\"https:\/\/www.facebook.com\/story.php?story_fbid=4181585645445114&amp;id=100007811591238&amp;rdid=terKriynzJVijqy5#\" target=\"_blank\" rel=\"noreferrer noopener\">Ziua Interana\u021bional\u0103 a Profesorului de Limba Francez\u0103<\/a><\/strong><br>(parteneriat cu Liceul Tehnologic Agricol \u201eAlexiu Berinde\u201d, Seini)<br>20.11.2025<\/h5>\n\n\n\n<p><\/p>\n<\/div>\n\n\n\n<div class=\"wp-block-column is-layout-flow wp-block-column-is-layout-flow\"><\/div>\n<\/div>\n<\/div>\n\n\n\n<h2 class=\"wp-block-heading\">PROMOVARE \u0219i VIZIBILITATE, 2025<\/h2>\n\n\n\n<div class=\"wp-block-group alignfull has-global-padding is-layout-constrained wp-block-group-is-layout-constrained\" style=\"margin-top:0;margin-bottom:0\">\n<div class=\"wp-block-group alignwide is-layout-flow wp-container-core-group-is-layout-d58a0413 wp-block-group-is-layout-flow\" style=\"padding-top:var(--wp--preset--spacing--50);padding-bottom:var(--wp--preset--spacing--50)\">\n<div class=\"wp-block-columns is-layout-flex wp-container-core-columns-is-layout-28f84493 wp-block-columns-is-layout-flex\">\n<div class=\"wp-block-column is-layout-flow wp-block-column-is-layout-flow\" style=\"flex-basis:100%\">\n<figure class=\"wp-block-gallery has-nested-images columns-default is-cropped wp-block-gallery-1 is-layout-flex wp-block-gallery-is-layout-flex\">\n<figure class=\"wp-block-image size-large is-style-default\"><img loading=\"lazy\" decoding=\"async\" width=\"605\" height=\"340\" data-id=\"87\" src=\"https:\/\/franceza.cunbm.utcluj.ro\/wp-content\/uploads\/2025\/12\/Picture1.png\" alt=\"\" class=\"wp-image-87\" srcset=\"https:\/\/franceza.cunbm.utcluj.ro\/wp-content\/uploads\/2025\/12\/Picture1.png 605w, https:\/\/franceza.cunbm.utcluj.ro\/wp-content\/uploads\/2025\/12\/Picture1-300x169.png 300w\" sizes=\"auto, (max-width: 605px) 100vw, 605px\" \/><\/figure>\n\n\n\n<figure class=\"wp-block-image size-large\"><img loading=\"lazy\" decoding=\"async\" width=\"605\" height=\"340\" data-id=\"88\" src=\"https:\/\/franceza.cunbm.utcluj.ro\/wp-content\/uploads\/2025\/12\/Picture2.png\" alt=\"\" class=\"wp-image-88\" srcset=\"https:\/\/franceza.cunbm.utcluj.ro\/wp-content\/uploads\/2025\/12\/Picture2.png 605w, https:\/\/franceza.cunbm.utcluj.ro\/wp-content\/uploads\/2025\/12\/Picture2-300x169.png 300w\" sizes=\"auto, (max-width: 605px) 100vw, 605px\" \/><\/figure>\n<\/figure>\n<\/div>\n<\/div>\n\n\n\n<h5 class=\"wp-block-heading has-text-align-center\">Promovare \u0219i Vizibilitate \u00een \u00eent\u00e2lnire online cu elevii Liceului \u201eIon Ag\u00e2rbiceanu\u201d, Jibou<br>(2020-2021)<\/h5>\n\n\n\n<div class=\"wp-block-columns is-layout-flex wp-container-core-columns-is-layout-28f84493 wp-block-columns-is-layout-flex\">\n<div class=\"wp-block-column is-layout-flow wp-block-column-is-layout-flow\" style=\"flex-basis:100%\">\n<figure class=\"wp-block-gallery has-nested-images columns-default is-cropped wp-block-gallery-2 is-layout-flex wp-block-gallery-is-layout-flex\">\n<figure class=\"wp-block-image size-full is-style-default\"><img loading=\"lazy\" decoding=\"async\" width=\"605\" height=\"340\" data-id=\"90\" src=\"https:\/\/franceza.cunbm.utcluj.ro\/wp-content\/uploads\/2025\/12\/Picture3.png\" alt=\"\" class=\"wp-image-90\" srcset=\"https:\/\/franceza.cunbm.utcluj.ro\/wp-content\/uploads\/2025\/12\/Picture3.png 605w, https:\/\/franceza.cunbm.utcluj.ro\/wp-content\/uploads\/2025\/12\/Picture3-300x169.png 300w\" sizes=\"auto, (max-width: 605px) 100vw, 605px\" \/><\/figure>\n\n\n\n<figure class=\"wp-block-image size-full\"><img loading=\"lazy\" decoding=\"async\" width=\"605\" height=\"340\" data-id=\"91\" src=\"https:\/\/franceza.cunbm.utcluj.ro\/wp-content\/uploads\/2025\/12\/Picture4.png\" alt=\"\" class=\"wp-image-91\" srcset=\"https:\/\/franceza.cunbm.utcluj.ro\/wp-content\/uploads\/2025\/12\/Picture4.png 605w, https:\/\/franceza.cunbm.utcluj.ro\/wp-content\/uploads\/2025\/12\/Picture4-300x169.png 300w\" sizes=\"auto, (max-width: 605px) 100vw, 605px\" \/><\/figure>\n<\/figure>\n<\/div>\n<\/div>\n\n\n\n<h5 class=\"wp-block-heading has-text-align-center\">Promovare \u0219i Vizibilitate \u00een \u00eent\u00e2lnire online cu elevii Liceului \u201eVasile Lucaciu\u201d, Baia Mare<br>(2020-2021)<\/h5>\n\n\n\n<h2 class=\"wp-block-heading has-x-large-font-size\">Frequently Asked Questions<\/h2>\n\n\n\n<div class=\"wp-block-columns is-layout-flex wp-container-core-columns-is-layout-cbe57604 wp-block-columns-is-layout-flex\">\n<div class=\"wp-block-column is-layout-flow wp-block-column-is-layout-flow\">\n<div class=\"wp-block-group is-layout-flow wp-block-group-is-layout-flow\" style=\"border-top-color:var(--wp--preset--color--accent-6);border-top-width:1px;padding-top:var(--wp--preset--spacing--30);padding-bottom:var(--wp--preset--spacing--30)\">\n<h3 class=\"wp-block-heading\">What is The Stories Book about?<\/h3>\n\n\n\n<p>This exquisite compilation showcases a diverse array of photographs that capture the essence of different eras and cultures, reflecting the unique styles and perspectives of each artist.<\/p>\n<\/div>\n<\/div>\n\n\n\n<div class=\"wp-block-column is-layout-flow wp-block-column-is-layout-flow\">\n<div class=\"wp-block-group is-layout-flow wp-block-group-is-layout-flow\" style=\"border-top-color:var(--wp--preset--color--accent-6);border-top-width:1px;padding-top:var(--wp--preset--spacing--30);padding-bottom:var(--wp--preset--spacing--30)\">\n<h3 class=\"wp-block-heading\">How much does The Stories Book cost?<\/h3>\n\n\n\n<p>This exquisite compilation showcases a diverse array of photographs that capture the essence of different eras and cultures, reflecting the unique styles and perspectives of each artist.<\/p>\n<\/div>\n<\/div>\n<\/div>\n\n\n\n<div class=\"wp-block-columns is-layout-flex wp-container-core-columns-is-layout-cbe57604 wp-block-columns-is-layout-flex\">\n<div class=\"wp-block-column is-layout-flow wp-block-column-is-layout-flow\">\n<div class=\"wp-block-group is-layout-flow wp-block-group-is-layout-flow\" style=\"border-top-color:var(--wp--preset--color--accent-6);border-top-width:1px;padding-top:var(--wp--preset--spacing--30);padding-bottom:var(--wp--preset--spacing--30)\">\n<h3 class=\"wp-block-heading\">When will The Stories Book be released?<\/h3>\n\n\n\n<p>This exquisite compilation showcases a diverse array of photographs that capture the essence of different eras and cultures, reflecting the unique styles and perspectives of each artist.<\/p>\n<\/div>\n<\/div>\n\n\n\n<div class=\"wp-block-column is-layout-flow wp-block-column-is-layout-flow\">\n<div class=\"wp-block-group is-layout-flow wp-block-group-is-layout-flow\" style=\"border-top-color:var(--wp--preset--color--accent-6);border-top-width:1px;padding-top:var(--wp--preset--spacing--30);padding-bottom:var(--wp--preset--spacing--30)\">\n<h3 class=\"wp-block-heading\">Are signed copies available?<\/h3>\n\n\n\n<p>This exquisite compilation showcases a diverse array of photographs that capture the essence of different eras and cultures, reflecting the unique styles and perspectives of each artist.<\/p>\n<\/div>\n<\/div>\n<\/div>\n<\/div>\n<\/div>\n\n\n\n<aside class=\"wp-block-group alignfull is-style-section-3 has-global-padding is-layout-constrained wp-container-core-group-is-layout-f0f2a97b wp-block-group-is-layout-constrained\" style=\"margin-top:0;margin-bottom:0;padding-top:var(--wp--preset--spacing--50);padding-right:var(--wp--preset--spacing--50);padding-bottom:var(--wp--preset--spacing--50);padding-left:var(--wp--preset--spacing--50)\">\n<div class=\"wp-block-group is-vertical is-content-justification-center is-layout-flex wp-container-core-group-is-layout-8778ca4a wp-block-group-is-layout-flex\" style=\"min-height:360px;margin-top:0;margin-bottom:0\">\n<h2 class=\"wp-block-heading has-text-align-center has-xx-large-font-size\">Sign up to get daily stories<\/h2>\n\n\n\n<p class=\"has-text-align-center is-style-text-subtitle\">Get access to a curated collection of moments in time featuring photographs from historical relevance.<\/p>\n\n\n\n<div style=\"height:0px\" aria-hidden=\"true\" class=\"wp-block-spacer wp-container-content-62aae154\"><\/div>\n\n\n\n<div class=\"wp-block-buttons is-content-justification-center is-layout-flex wp-container-core-buttons-is-layout-a89b3969 wp-block-buttons-is-layout-flex\">\n<div class=\"wp-block-button\"><a class=\"wp-block-button__link has-text-align-center wp-element-button\">Subscribe<\/a><\/div>\n<\/div>\n<\/div>\n<\/aside>\n\n\n\n<h2 class=\"wp-block-heading\"><\/h2>\n","protected":false},"excerpt":{"rendered":"<p>Ziua Interana\u021bional\u0103 a Profesorului de Limba Francez\u0103(parteneriat cu Liceul Tehnologic Agricol \u201eAlexiu Berinde\u201d, Seini)20.11.2025 EVENIMENTE DE MARC\u0102, 2025 Ziua Interana\u021bional\u0103 a Profesorului de Limba Francez\u0103(parteneriat cu Casa Corpului Didactic Maramure\u0219)24.11.2025 Ziua Interana\u021bional\u0103 a Profesorului de Limba Francez\u0103(parteneriat cu Liceul Tehnologic Agricol \u201eAlexiu Berinde\u201d, Seini)20.11.2025 PROMOVARE \u0219i VIZIBILITATE, 2025 Promovare \u0219i Vizibilitate \u00een \u00eent\u00e2lnire online cu [&hellip;]<\/p>\n","protected":false},"author":1,"featured_media":0,"parent":0,"menu_order":5,"comment_status":"closed","ping_status":"closed","template":"","meta":{"footnotes":""},"class_list":["post-31","page","type-page","status-publish","hentry"],"_links":{"self":[{"href":"https:\/\/franceza.cunbm.utcluj.ro\/index.php?rest_route=\/wp\/v2\/pages\/31","targetHints":{"allow":["GET"]}}],"collection":[{"href":"https:\/\/franceza.cunbm.utcluj.ro\/index.php?rest_route=\/wp\/v2\/pages"}],"about":[{"href":"https:\/\/franceza.cunbm.utcluj.ro\/index.php?rest_route=\/wp\/v2\/types\/page"}],"author":[{"embeddable":true,"href":"https:\/\/franceza.cunbm.utcluj.ro\/index.php?rest_route=\/wp\/v2\/users\/1"}],"replies":[{"embeddable":true,"href":"https:\/\/franceza.cunbm.utcluj.ro\/index.php?rest_route=%2Fwp%2Fv2%2Fcomments&post=31"}],"version-history":[{"count":3,"href":"https:\/\/franceza.cunbm.utcluj.ro\/index.php?rest_route=\/wp\/v2\/pages\/31\/revisions"}],"predecessor-version":[{"id":92,"href":"https:\/\/franceza.cunbm.utcluj.ro\/index.php?rest_route=\/wp\/v2\/pages\/31\/revisions\/92"}],"wp:attachment":[{"href":"https:\/\/franceza.cunbm.utcluj.ro\/index.php?rest_route=%2Fwp%2Fv2%2Fmedia&parent=31"}],"curies":[{"name":"wp","href":"https:\/\/api.w.org\/{rel}","templated":true}]}}